*((-3)/6 + n/(-2)) a composite number?
False
Let c(d) = -4*d**3 - 11*d**2 - 2*d + 49. Is c(-16) composite?
False
Is (-226707)/(-91) + ((-2)/(-7))/(-1) composite?
True
Let r(d) = 198*d**2 + 99*d + 617. Is r(-6) a prime number?
True
Suppose -8*d + 3*d - 20 = 0. Let u be (3/2)/(d/24). Let q = 4 - u. Is q a composite number?
False
Let w be 12/3 + -3 + -5. Let b(y) = y**2 + 2*y + 3. Let d be b(-3). Is (w - 7)*d/(-2) composite?
True
Let g be (1/(-2))/(1/(-6)). Suppose -g*z + z = -8. Is 503 - 2/z*0 a prime number?
True
Suppose 2*c + 437 = 3*c. Let b = c - 264. Let d = 494 - b. Is d composite?
True
Suppose -3*b - 4*z + 2911 = 0, -4*b + 3900 = -6*z + 2*z. Is b a composite number?
True
Is ((-34802)/(-3))/(-6*(-8)/72) prime?
True
Let a(k) = -816*k + 211. Is a(-8) composite?
True
Let n = 49274 - 34905. Is n prime?
True
Let x be (0 - (-1 + -2)) + 9. Is -4 - (428/6)/(x/(-18)) a composite number?
False
Suppose -4*w + 9*w = 4*r - 570, -r + 149 = 2*w. Suppose -3*d = -0*d + s - 435, s - r = -d. Is d prime?
False
Suppose 3*c + 0*c - 18 = 3*h, 0 = -3*c + 5*h + 24. Suppose g = 4*p - 2344, 0 = -3*p - c*g + g + 1758. Is p composite?
True
Suppose 4955 = u + 198. Is u a prime number?
False
Suppose 0 = -3*u + 1069 + 3734. Is u a prime number?
True
Let i(h) = 12*h**2 + 32*h + 19. Is i(-16) a prime number?
True
Let g = 71087 - -16904. Is g composite?
False
Suppose -7*k + 24120 = -7961. Is k a composite number?
False
Let o(f) = -2*f**2 - 6*f - 1. Let j be o(-3). Is 837 + -2*((-2)/j)/(-2) prime?
True
Let z(t) = -t**3 + 14*t**2 - 10*t - 5. Suppose 12*u = 54 + 102. Is z(u) prime?
False
Let o be 94/10 - 21/(-35). Let l be 13/3 - o/(-15). Suppose -63 = -5*w + 4*h, -l*w - 18 + 63 = 5*h. Is w prime?
True
Suppose -6*h - 15468 = -9*h - i, 5*h + 4*i - 25787 = 0. Is h a composite number?
True
Let k = -2769 + 3937. Is 3 - (-1)/(4/k) prime?
False
Let o be (-18)/4 - (-13)/(-26). Let a be 6/(o + 4 - -3). Suppose a*p + v - 223 = 0, -p + v = -3*p + 149. Is p a prime number?
False
Let r(f) = -109*f + 62*f - 77*f + 21. Let t(s) = 31*s - 5. Let h(p) = 2*r(p) + 9*t(p). Is h(4) prime?
False
Suppose y - 3384 = -2*c, 3*c + 5*y - 2881 - 2188 = 0. Is c a prime number?
True
Let o = 112912 + -73413. Is o a composite number?
False
Let a(k) = 128*k - 28. Let c be a(17). Suppose 0 = 4*q - 11480 + c. Is q composite?
False
Let d = -25 - -28. Is d - -8*(4 - -142) composite?
False
Let g be ((-16)/64)/(2/(-296)). Suppose -g*n + 553 = -36*n. Is n composite?
True
Let s be -3*(15/(-9))/1*1. Suppose -9*d + 7*d + 600 = 2*h, -1503 = -s*d - 4*h. Is d composite?
True
Let n = 3525 - 1928. Is n prime?
True
Suppose -71*d = -788205 + 32694. Is d composite?
True
Let w = -25 - -30. Suppose -w*i = -i - 1268. Is i composite?
False
Let l(u) = u + 208. Let x be -1 - (3 - (2 - -2)). Let b be l(x). Suppose 37 + b = 5*s. Is s prime?
False
Is ((-1123)/(-7))/(34/238) a composite number?
False
Suppose 6*r - 2*r = -5*c - 7, -2*c = -4*r + 14. Suppose -4*l - n + 1584 = -r*n, -l - n + 391 = 0. Suppose -9*d + 4*d = -l. Is d composite?
False
Let b be 474*2*(-5)/3. Is 3*2/((-24)/b) composite?
True
Suppose o - 3*o - 2*o = 0. Is 12 - 11 - (o - 105) composite?
True
Suppose -s - 6 = -1. Let k = s - -6. Is (-7)/2*(k - 423) a composite number?
True
Suppose -3*d = -2*d + 4. Let j be -972 - (d + 1) - 0. Let f = -484 - j. Is f a composite number?
True
Is (-4)/(-1 - (-3748)/3764) composite?
False
Suppose -2*a = 6*a - 32. Is 168/9 + a/12 a prime number?
True
Is 106/(-159) + 2 + 1955/3 prime?
True
Let a(q) = -2*q**3 - 14*q**2 + 3*q - 13. Is a(-10) a prime number?
True
Let y(r) = 121*r**2 - r. Let v be y(1). Suppose -3*w = -n + v, 0*n = -n - 4*w + 148. Let g = n - -911. Is g prime?
False
Suppose y - 14 = 131. Let n(w) = 3*w - w**3 + y - 7*w - w**2 + 3*w. Is n(0) prime?
False
Suppose -7*g = -598 - 676. Let j be g/(-42) + (-1)/(-3). Let x(n) = -64*n - 3. Is x(j) composite?
True
Is (-1 - 4 - -51904)/(12 + -11) a composite number?
False
Let o = 1159 + -55. Let v = 839 + o. Is v composite?
True
Let v = -30 + 15. Let i(f) = 2*f**2 + 29*f + 18. Is i(v) prime?
False
Let h be (44/(-8))/(2/652). Let c = -744 - h. Is c prime?
True
Let r(y) = y**2 - 3*y**2 - 11 - 7*y - y + y**3 - 5*y**2. Let d be r(8). Let m(o) = o**2 + 6. Is m(d) a prime number?
True
Let n = 1379 + 144. Is n a prime number?
True
Suppose 104 + 13 = -13*z. Let y be 2/3 + (-196)/6. Let p = z - y. Is p a composite number?
False
Is (-116)/(-6)*(2331/14 + -6) composite?
True
Suppose -12*u + 11*u - 5*n + 7449 = 0, -2*u + 14876 = -n. Is u composite?
True
Let y be 4/(-26) - (-2)/13. Suppose y = -l + 5*l. Suppose -3*d - 51 + 153 = l. Is d a prime number?
False
Is (3/5)/((-102)/(-7045310)) a prime number?
True
Let g be 12 + 2 + 16/(-4). Is (-18 - -1)/(g/(-110)) a composite number?
True
Is (-34)/51 + (-11049)/(-9) a composite number?
True
Let u be 12/(-30) + 356/(-10). Is ((-3)/(u/376))/((-6)/(-117)) a composite number?
True
Suppose u = 4*q + 860, 2*u = 4*q + 7*u + 884. Let h = q - -431. Is h prime?
False
Is (-1068704)/(-152) - (-8)/152 composite?
True
Let j be (39 + -13)/((-4)/(-38)). Suppose 2*c + 2*a - 500 = 0, -5*a + j = c - a. Is c prime?
True
Is (1 - (-4)/(-6))/(3/1818) a prime number?
False
Is (-8)/12 - 136056/(-72) a prime number?
True
Suppose 4*v = -2*y + 5*v + 11876, 3*y - 17821 = -2*v. Is y prime?
True
Suppose -5*d = -3*p - 116, -6*d + 140 = -d + 5*p. Suppose 0 = 30*t - d*t - 2935. Is t prime?
True
Let z(j) = -j**3 - 7*j**2 + j + 3. Let q be z(-7). Let s(l) = 2*l + 11. Let w be s(q). Suppose w*c - 7*c + 1940 = 0. Is c composite?
True
Suppose 5*n = 4*p - 220543, 318991 = 4*p + 3*n + 98440. Is p composite?
True
Let g(y) = -5816*y**3 - 2*y**2 + y - 1. Is g(-2) prime?
False
Let w(y) = -y**2 + 12*y. Let p(t) = -3*t**2 + 35*t - 1. Let v(u) = -4*p(u) + 11*w(u). Let n be v(8). Is n/22 + 8396/44 a prime number?
True
Suppose -11*s - 4*w - 16 = -10*s, 2*s = -3*w - 27. Let t(u) = -13 - 17*u + 2*u - 10. Is t(s) a prime number?
True
Suppose 2*m + 1164 = 6*m. Suppose -t + 929 = 3*n - 0*n, 0 = n + 5*t - m. Is n composite?
False
Let f(o) = -135*o + 868. Is f(-46) a prime number?
False
Suppose n + 153 = 157. Let f be 2/(-10) + (-537)/15. Is n/18 - 5356/f a composite number?
False
Suppose -4*a + 504 = 4*b, b - 56 = a + 62. Suppose -3*i = -2*i - 2*p - b, -i + 126 = -4*p. Is i + (3/(-3) - 2) a prime number?
False
Let h(f) be the first derivative of -f**2 - f - 5. Let r be h(-3). Suppose r*v - 4*v = 177. Is v prime?
False
Let m be (-4)/((-2)/8 + 0). Suppose -2 = -3*i - q, 5*q - m = -i - 6. Suppose a = b - 20 - 52, i = -4*b + a + 285. Is b composite?
False
Let g be 1/3*(1 + -1). Suppose -3*r + 1335 = -g*r. Is r a prime number?
False
Let r be 84*(48/3 + -1*1). Suppose 6*l - r = 25698. Is l a composite number?
False
Let k(s) = 13*s**3 - 10*s**2 + 19*s - 7. Let c be k(8). Let m = c - 2215. Is m composite?
True
Let o(i) = 62*i**2 + 4*i - 5. Let u = 153 - 147. Is o(u) a prime number?
True
Suppose -24*o - 59839 = -37*o. Is o composite?
False
Let n(b) = b**3 + 5*b**2 - 3*b - 1. Let w = -6 + 13. Suppose -3 + w = p. Is n(p) prime?
True
Let z(h) = h**3 + 11*h**2 - 7*h - 6. Let b = 0 - 9. Let p be z(b). Suppose -3*q - 2*l = -224, -3*q + l = -2*l - p. Is q a prime number?
False
Let k = -117 + 26. Let j = 42 - k. Is j a composite number?
True
Is (83344/(-24))/(20/(-30)) a prime number?
True
Suppose -25*l + 27*l + 12 = 0. Let d be (2/2)/((-3)/l). Suppose d*i + 115 = -x + 742, 2521 = 4*x - 5*i. Is x prime?
False
Let a(k) = -6*k - 31. Suppose 0 = 3*g + 2*n + 38, -n + 0*n = -2*g - 30. Is a(g) a prime number?
True
Let t = -11237 - -24737. Suppose 2*v - 5*p = -3946 + t, 23815 = 5*v + 5*p. Suppose -6*l + 4769 = -2*l - 3*k, 4*l - 5*k = v. Is l a composite number?
False
Let x(w) = -4469*w - 1148. Is x(-11) a prime number?
False
Let b = 10 + 6. Let x = b - 12. Suppose -447 = u - x*u. Is u prime?
True
Let x(p) = p**3 + 62*p**2 + 36*p + 43. Is x(-44) prime?
False
Suppose -367*w = -371*w + 86916. Is w a prime number?
False
Suppose 2*y + 3113 = p, -5*p - 3785 = 3*y + 917. Let q = y + 2512. Is q a prime number?
True
Let u = -11 - -13. Suppose u*k + 71 = f, 0*f - 4*f = -k - 256. Let b = 56 + f. Is b a prime number?
False
Let d(a) = 449*a**3 + a**2 - a. Suppose 0*s = 5*f - 3*s + 24, f = -3*s - 12. Let q = f + 7. Is d(q) a composite number?
Fa